by d.
23
Suppose 2*y = -y + 39. What is the remainder when 25 is divided by y?
12
Suppose -2*g + 4*j = 4, 0 = -5*g + 3*g - j + 1. Suppose -36 + g = -5*v + 4*k, 0 = 2*v - 4*k - 12. What is the remainder when 45 is divided by v?
5
Let s(d) = d**2 + d + 1. Let v(b) = -6*b**2 - 11*b - 2. Let j(a) = -5*s(a) - v(a). What is the remainder when 5 is divided by j(-7)?
1
Suppose -5*f - 5 = -5*c, -6 = -5*c - 1. Suppose k - 4 = f, 0 = y - 3*y + 4*k + 20. Calculate the remainder when 33 is divided by y.
15
Let w(y) = 2*y**2 + 7*y - 4. Let q = 204 + -198. Calculate the remainder when w(-6) is divided by q.
2
Let g(c) = 5*c - 6. What is the remainder when 74 is divided by g(5)?
17
Let o = 18 + -9. Let n(x) = -x + 8. Let b(h) = -h**3 - 8*h**2 - 7*h - 8. Let l be b(-7). What is the remainder when n(l) is divided by o?
7
Suppose 0 = 3*f - 3 - 9. What is the remainder when 14 is divided by f?
2
Suppose -4*o - 66 = 3*d, 2*d + 2*o + 2*o = -48. Let q = -13 - d. What is the remainder when q is divided by 4?
1
Let m be ((-9)/12)/((-15)/40). Suppose b + 96 = 5*v, 35 = m*v + b + 2*b. What is the remainder when v is divided by 10?
9
Let w(r) = -3*r + 8. What is the remainder when 100 is divided by w(-9)?
30
Let r = 22 + -19. Calculate the remainder when 5 is divided by r.
2
Let l(n) = n**2 - 8*n + 18. Calculate the remainder when 50 is divided by l(8).
14
Let o(t) = -t**3 - 4*t**2 + 4*t + 6. Let m(v) = v**2 + 4*v + 12. Let u be m(-9). Let y = -14 + u. Calculate the remainder when y is divided by o(-5).
10
Suppose 0 = 3*o - 12 - 15. Calculate the remainder when 32 is divided by o.
5
Suppose 0 = 2*p + 1 - 5. Suppose 3*q = 5*q + p. What is the remainder when ((-62)/4)/(q/2) is divided by 11?
9
Suppose -4*o - 2*p - 193 = 139, 4*p + 239 = -3*o. Let u = o - -150. Calculate the remainder when u is divided by 17.
14
Let t be (3 - -1)*3/(-2). Let w(j) = -j**2 - 6*j + 7. What is the remainder when w(-6) is divided by (t/2 - -7)/2?
1
Let q = 72 + -41. Let z(w) = -2*w + 20. Calculate the remainder when q is divided by z(6).
7
Let m = 27 - 11. What is the remainder when m is divided by 6?
4
Let b(g) = -2*g**2 - 45*g - 46. What is the remainder when b(-20) is divided by 16?
6
Suppose -3*h + 6 = -30. Calculate the remainder when 45 is divided by h.
9
Let n(u) = 2*u**2 - 4*u - 13. Calculate the remainder when 62 is divided by n(5).
11
Let v = 19 + -17. What is the remainder when v is divided by 1?
0
Suppose -3 = -2*p + 11. Let q(r) be the third derivative of r**5/20 + r**4/8 + r**3/3 + r**2. What is the remainder when q(-3) is divided by p?
6
Let b(v) = -v + 12. Let w be b(10). Suppose 2*i + w = 4. Calculate the remainder when 2 is divided by i.
0
Suppose -4*k - 2 = -2*k. Let l = -104 - -64. Let o = k - l. What is the remainder when o is divided by 20?
19
Let g(b) = -5*b - 85. What is the remainder when g(-29) is divided by 21?
18
Let v(j) = 2*j - 12. Suppose 16 = c + c. Let y be v(c). What is the remainder when 14 is divided by 2/y*5*2?
4
Suppose -4*l - 5*h + 53 + 12 = 0, -h + 17 = l. Suppose -21 = -5*m + 2*m. Suppose 0 = 2*t - m*t + 55. What is the remainder when l is divided by t?
9
Let h = -7 + 21. Calculate the remainder when 25 is divided by h.
11
Suppose -5*y - 65 = -5*v, 3*y + 27 + 20 = 4*v. Calculate the remainder when 22 is divided by v.
6
Suppose -5*y - 2*d = -216, -2*d + 172 = 4*y - 0*y. Calculate the remainder when y is divided by 15.
14
Let g = 42 + -19. Let w = 8 + g. Calculate the remainder when w is divided by 11.
9
Suppose 0 = -5*z + 10*z - 230. What is the remainder when z is divided by 12?
10
What is the remainder when 54 is divided by 84/(-8)*(-8)/6?
12
Suppose 0 = -3*k + 14 - 2. What is the remainder when 4 is divided by k?
0
Let o(z) = 15*z**2 - 1. Let q be o(1). Suppose n = 2*r + 2*r + 6, 0 = 5*n - 4*r - q. What is the remainder when 7 is divided by n?
1
Suppose 0 = 3*x + 4*d - 15, -d - 4*d = -15. Calculate the remainder when 3 is divided by x.
0
Let m be (44 + 3/(-3))*-2. Suppose -j + 148 = 4*j - 3*y, 4*j = -4*y + 112. What is the remainder when j is divided by 15/(-25) - m/10?
5
Let x(c) = c**3 - 5*c**2 - 4*c - 7. Calculate the remainder when x(6) is divided by 4.
1
Let j(d) = 22*d - 5. Let l be j(2). Suppose -3*p - l = -6*p. What is the remainder when 38 is divided by p?
12
Let v(h) = -h**2 + 2 + 3 + 2 + 4*h. Let k be v(5). Let t(r) = 5*r - 3. Calculate the remainder when t(k) is divided by 4.
3
Suppose 2*m = -0*m + 104. What is the remainder when m is divided by 27?
25
Suppose -x + 0 = -7. Suppose 4 = 5*j - 6. Suppose -j*l = l - 57. What is the remainder when l is divided by x?
5
Let l(i) = i**3 - 15*i**2 - 14*i + 11. What is the remainder when l(16) is divided by 9?
7
Let a = 110 + -67. What is the remainder when 213 is divided by a?
41
Suppose 4*n - 4*m - 278 = 54, n + 4*m - 63 = 0. Calculate the remainder when n is divided by 41.
38
Suppose -31 = k - 40. Calculate the remainder when 40 is divided by k.
4
Let m = -4 - -6. Let l = 5 + -7. Let w = 0 - l. What is the remainder when m is divided by w?
0
Suppose 0 = -p - 4*p + 140. Let k be 4/14 + (-4)/14. Suppose 3*h + 2*h - 50 = k. Calculate the remainder when p is divided by h.
8
Let a(l) = 3*l - 39. Calculate the remainder when 25 is divided by a(16).
7
Let s(m) = m. Let h(k) = k**2 - 5*k - 2. Let j(z) = h(z) + 4*s(z). Let t be j(-2). What is the remainder when 19 is divided by 10 - (t + -1 - 0)?
5
Suppose -x = -5*x + 104. Let z = x - 13. Calculate the remainder when 28 is divided by 0 + 2 + (z - 0).
13
Let z be (9 - 5)/(4/10). Suppose -j = -z - 11. What is the remainder when j is divided by 8?
5
Suppose 4*u = 6*u - 2. Suppose u = 2*t - 3. Suppose -l = t*l - 39. Calculate the remainder when 37 is divided by l.
11
Suppose -n = 3*n + 4*c - 60, 71 = 5*n + 4*c. Let y(w) = -w - 8. Let i be y(-6). Calculate the remainder when (-2)/i*(-62)/(-2) is divided by n.
9
Let l = -44 - -104. Suppose -l = -i - i. Calculate the remainder when i is divided by 11.
8
Let w(p) = -p**2 + 12*p - 16. Let g = 1 - -7. What is the remainder when 46/(1 - 2 - -2) is divided by w(g)?
14
Let v(t) = 24*t - 9. Calculate the remainder when v(3) is divided by 17.
12
Calculate the remainder when 22 is divided by (-4)/10 + (-216)/(-40).
2
Suppose 61 = 5*r - 9. Let h be 27/2 - 3/6. Let j = h - 5. What is the remainder when r is divided by j?
6
Let r = -13 - -21. Calculate the remainder when (0 - -9)*r/6 is divided by 7.
5
Suppose 5*a - 96 = a. Suppose a + 14 = 4*z + 3*p, p - 34 = -4*z. Let y = 8 + 13. Calculate the remainder when y is divided by z.
5
Let j be ((-10)/(-15))/(2/(-9)). Let v(w) = w**2 + w - 3. Calculate the remainder when v(j) is divided by 3.
0
Suppose -4*q - q + 79 = 3*x, 82 = 4*x + 2*q. Let z = x - 13. Calculate the remainder when 18 is divided by z.
3
Let a be 0 - 0 - -1*5. Suppose -a*m + 5 = -10. What is the remainder when 3/(-2)*(-76)/m is divided by 13?
12
Let w = 142 - 90. Suppose 7 = -5*p + w. What is the remainder when 17 is divided by p?
8
Let l(c) = 70*c**3 - 2*c**2 + c. Calculate the remainder when l(1) is divided by 6.
3
Calculate the remainder when 67 is divided by (3 + -2 - 4) + 37.
33
Suppose -3*y - n - 5 = 0, 2*n - 1 = -3*y - 11. Let g = 15 + y. Calculate the remainder when 29 is divided by g.
14
Suppose 0*v - 3*v = -2*q + 70, 4*v + 140 = 4*q. Suppose 0 = -5*c - 11 - 79. Let b = 30 + c. Calculate the remainder when q is divided by b.
11
Suppose -4*r + 5*v + 75 = 0, -2*r - 4*v = -9*v - 25. What is the remainder when r is divided by 100/8 - 2/(-4)?
12
Suppose 0*u = u - 3*f - 6, -3*u + f = -2. Suppose m - 89 + 2 = u. Suppose 2*h - 13 = m. What is the remainder when h is divided by 17?
16
Suppose f = -2*f + 24. Let b = f + -5. What is the remainder when 11 is divided by b?
2
Suppose 5*b = 10*b - 95. Calculate the remainder when 28 is divided by b.
9
Let p(t) = -3*t - 12. Let i be p(-8). Suppose 10 = s + 3*k, 4*s = 6*s - 2*k - i. What is the remainder when 3*13*1/3 is divided by s?
6
Suppose -g + 5*r = 2*r - 20, 2*r + 28 = 2*g. Calculate the remainder when g is divided by 3.
2
Let t(p) = p**2 + 9. Let q be t(0). Suppose 5*v - 11 = q. What is the remainder when 13 is divided by v?
1
Let t be (1 - 7)/((-30)/(-75)). Let p = -9 - t. Calculate the remainder when 15 is divided by p.
3
Suppose 0 = 4*m + 2*t - 354, -9*t +